rime factors of q.
37, 367
Let u = -969 - -4418. List the prime factors of u.
3449
Suppose -5*p + 3*q + 15538 = 0, -4*p + 51*q - 55*q = -12424. What are the prime factors of p?
13, 239
Suppose -721067 = -113*f + 644312. List the prime factors of f.
43, 281
Suppose 4*p + 3*s - 202 = 0, 98 = 2*p + 6*s - 3*s. Let l be 3 - (3 - -13) - -3. Let x = p - l. List the prime factors of x.
2, 31
Let q = -882 - -1200. List the prime factors of q.
2, 3, 53
Suppose -786*f + 763*f = -437414. What are the prime factors of f?
2, 37, 257
Let d(a) = 323*a**2 - 4*a - 3. Let q be d(-1). Let v = q + 109. List the prime factors of v.
433
Let c(u) = u + 3. Let p be c(4). Suppose p*a - 2234 = 3450. Suppose 0 = -10*h + a - 32. List the prime factors of h.
2, 3, 13
Let r be (28/(-6))/(-2)*3. Let s be 24/(-42) + 32/r. Suppose s*w - 29 = 407. List the prime factors of w.
109
Suppose -28*y + 336 = -22*y. Let r = y + 96. What are the prime factors of r?
2, 19
Let g = 13170 + -7747. Suppose 2*u + 3*b = 3611, -2*b = -4*u + g + 1823. What are the prime factors of u?
2, 5, 181
Let c(d) = d**2 + 9*d - 43. Let v(y) = 8*y + 82. Let i be v(-8). What are the prime factors of c(i)?
443
Let u(m) = 4*m - 27. Let a be u(7). Let y be 1 + (-2 - a) + 32. Let t = 71 + y. What are the prime factors of t?
101
Let j(u) = 77*u**2 + 48 - 10*u - 6 - 20. List the prime factors of j(2).
2, 5, 31
Let i = -35 + 31. Let j be (-4796)/(-6) + (4/3)/i. Suppose 5*q = 4*l + j, 0 = q - 0*q + 2*l - 157. List the prime factors of q.
3, 53
Let k = -1475 - -12871. What are the prime factors of k?
2, 7, 11, 37
List the prime factors of 709356/(-54)*90/(-20).
59113
Suppose 3*t - 5 = -5*w - 17, 0 = -4*w + 3*t + 12. Suppose 0 = -3*k - w*k + 15. Suppose -5*o + 25 = b, 0 = k*b + o + 2*o - 213. List the prime factors of b.
3, 5
Let z(d) = -24*d**2 + 43*d + 75. Let q(b) = -13*b**2 + 22*b + 38. Let g(l) = -11*q(l) + 6*z(l). What are the prime factors of g(12)?
2, 5
Let i = -103 + 106. Suppose -3*b + 162 + 100 = 2*s, 0 = -3*b + i*s + 237. Let k = -79 + b. What are the prime factors of k?
5
Let g(s) = s**2 + 4*s - 16. Let q be g(-7). Suppose -t + 2436 + 1669 = q*j, 4*j = -2*t + 3284. List the prime factors of j.
821
Suppose 421*n - 437*n = -275072. List the prime factors of n.
2, 7, 307
Let c = -429 - -439. Suppose -c*u = -40*u + 37890. What are the prime factors of u?
3, 421
Suppose 0 = a + 4*h - 1398, 2*a - h - 1766 = 1003. Let x = a + -247. List the prime factors of x.
17, 67
Let o(w) = 2019*w**2 + 1079*w - 6422. List the prime factors of o(6).
2, 2273
Let a(y) = 12*y**2 + 19*y - 2. Let c be a(-9). Let d = c + -552. List the prime factors of d.
13, 19
Suppose -2*v + 5*y = 1295, 0*y - 1995 = 3*v + 3*y. Let n = -499 - v. What are the prime factors of n?
7, 23
Suppose 3*b - 5*b = -2994. Suppose -b = -4*q - 61. List the prime factors of q.
359
Suppose 14*k = 7*k + 686. Suppose -4*j + k = 2*u, 155 = 3*u - 7*j + 5*j. What are the prime factors of u?
3, 17
Let k be 2/(2/(2 + 1274)). Suppose k = 3*u + 2*a, -2*a + 1607 = 5*u - 517. Suppose 0 = -c + 5*c - u. What are the prime factors of c?
2, 53
Suppose 0 = -4*q + 13335 - 1815. Suppose -10*b + 11*b = -5*x + q, 0 = 5*b. List the prime factors of x.
2, 3
Suppose 9*h + 54 = 189. Let b be 3/h*0 + 18. Suppose 265 = -13*m + b*m. What are the prime factors of m?
53
Let f(j) = -j**2 - j + 42. Let l be 1 + -31 - (-21)/(-7). Let w = -33 - l. What are the prime factors of f(w)?
2, 3, 7
Let q = -129642 - -195013. What are the prime factors of q?
65371
Let z = 197 + -197. Suppose z = -5*f + 3*g + 3027, 0*g = 4*f + 3*g - 2427. What are the prime factors of f?
2, 3, 101
Let h = -602 - -605. Suppose -2*p + 1888 - 691 = h*d, 5*d - 2017 = 4*p. What are the prime factors of d?
401
Suppose -7383480 + 773984 = 156*k - 512*k. List the prime factors of k.
2, 9283
Let l(k) = 21*k**2 - 173*k - 21. What are the prime factors of l(29)?
13, 971
Suppose 2*n - 133 + 115 = 0. Suppose -5*j - n*j + 5306 = 0. List the prime factors of j.
379
Let y(z) = 355*z - 864. List the prime factors of y(7).
1621
Let h = -5 - 12. Let l = -13 - h. Suppose -2*a - 3*a + l*q = -170, -45 = -a + 3*q. List the prime factors of a.
2, 3, 5
Let b = 5 - 0. Suppose 3*d + 1 + b = f, -2*f + 20 = -2*d. Suppose -8*o + 6*o = -f. What are the prime factors of o?
2, 3
Let l = 32169 - 23639. List the prime factors of l.
2, 5, 853
Let x(d) = 64*d - 3. Let i be x(32). Let a = i - 1460. List the prime factors of a.
3, 5, 13
Let g = 327 - 324. Suppose -2*i - 1252 = -g*z + 3*i, 0 = 2*z - 3*i - 835. What are the prime factors of z?
419
Let j(v) = -v**3 - 8*v**2 + 12*v + 29. Let b be j(-9). Suppose b*m + 426 = 8*m. What are the prime factors of m?
71
Let h = -12982 + 21844. List the prime factors of h.
2, 3, 7, 211
Let c(d) = 22*d**3 - 59*d + 422. What are the prime factors of c(8)?
2, 3, 7, 89
Suppose 25399 = s - 3*c, -2*s - 14*c = -16976 - 33922. List the prime factors of s.
2, 97, 131
Suppose -202*a + 1351834 = 24668 + 166070. What are the prime factors of a?
2, 3, 479
Let z(d) be the third derivative of d**5/20 - d**4/6 + 5*d**3/6 - 19*d**2. Let v be z(-5). Let o = -35 + v. What are the prime factors of o?
5, 13
Suppose i = 87574 - 57562. What are the prime factors of i?
2, 3, 41, 61
Let j(s) = 4*s**2 + 4*s - 10. Let v be j(15). Suppose 3*u - 121 - v = 0. List the prime factors of u.
3, 7, 17
Suppose -2*t + 18 = -b + 3*b, 21 = -b + 5*t. Suppose -w - 2*w = -4*y + 16, -w = -2*y + b. List the prime factors of (-738)/w - ((-100)/(-16) + -7).
3, 31
Let o be (-3 + -1)/((-17)/102). Suppose 3356 = 4*x - 3*d, 4*x - o*d = -28*d + 3384. What are the prime factors of x?
2, 421
Let a = 16059 + -8916. Suppose -a = -28*r + 3105. List the prime factors of r.
2, 3, 61
Let w be 1/(-5)*4*30/(-8). Suppose 0 = -n + w*c + 185, -2*n - 2*c + c + 370 = 0. List the prime factors of n.
5, 37
Let d = 6130 + -2790. List the prime factors of d.
2, 5, 167
Let l(u) = 36*u**3 - 238*u**2 - u + 13. What are the prime factors of l(10)?
12203
What are the prime factors of ((-89082)/1890)/(2/(-1765)) - (-2)/(-12)?
3, 5, 47, 59
Suppose 46*h = r + 47*h - 212, 4*h = 20. What are the prime factors of r?
3, 23
Suppose 0 = 64*j - 156*j + 1197748. What are the prime factors of j?
47, 277
Suppose -3*q = 5*r + 15, 4*q - 15 = 6*q + 5*r. Suppose q*a + 21 = 3*a. Suppose 5*y + a*h = 3*h + 1074, -5*y + 5*h + 1065 = 0. What are the prime factors of y?
2, 107
Let z be (-30)/(-6) - (-217 + 6/(-2)). Let t = z - -411. What are the prime factors of t?
2, 3, 53
Suppose 3*v + 4 = v. List the prime factors of v/6 - (-1 + (-271)/3).
7, 13
Let w = 395 + -155. Suppose -26*v + 32*v - w = 0. List the prime factors of v.
2, 5
Suppose 9 = -l + 6. Suppose -4 = -2*m, -3*i + 3*m = -m + 20. What are the prime factors of (106/l)/(i/18)?
3, 53
Let i be (9/(-9))/(1 + -2). Suppose -5*f + i = -3*w, -2 = w + f - 7. Let g(x) = 54*x + 4. List the prime factors of g(w).
2, 83
Let g = -27 + 24. Let d(i) = -10*i - 2. Let k(o) = o. Let j(b) = d(b) + 8*k(b). List the prime factors of j(g).
2
Suppose 5*h - 2096 - 142 = 3*j, h + j - 446 = 0. What are the prime factors of h?
3, 149
Let q(y) = 3*y**2 + 26*y + 9. Suppose 35 + 19 = -6*x. List the prime factors of q(x).
2, 3
Let t be 1/(-3)*(-2 + 2). Suppose 0 = -4*w - 2*h + 150, -3*w + h + 130 = -h. Suppose c - w - 20 = t. List the prime factors of c.
2, 3, 5
List the prime factors of (-17 - -7093) + -1 + 10.
5, 13, 109
Let j be (-130)/(-35) - (-4)/14. Suppose 0*w - j*w = 936. What are the prime factors of w/(-4)*34/51?
3, 13
Let x be (-1)/((-2)/40*4). Suppose 0 = x*a - 646 - 629. What are the prime factors of a?
3, 5, 17
Suppose -9*f - 458750 = -59*f. What are the prime factors of f?
5, 367
Let l(w) = 17*w**3 - 44*w**2 + 38*w - 31. Let g(c) = 24*c**3 - 66*c**2 + 57*c - 46. Let j(t) = -5*g(t) + 7*l(t). List the prime factors of j(21).
5, 11
Suppose 65 = 6*f + 41. List the prime factors of (1916/(-8))/(-1) - f/(-8).
2, 3, 5
Let g be (-2)/((-1)/(-2)*-1). Suppose 4*f - 3*c - 4739 = 0, -g*f - 4*c = -c - 4757. List the prime factors of f.
1187
Let o(r) = -5*r + 75. Let j be o(15). Suppose j = n + 9*n - 70. Suppose 95 = n*p + 18. List the prime factors of p.
11
Suppose -4*j = 4*s - 592, -2*s + 3*j + 143 = -178. Let a = 984 + -890. Let m = s - a. List the prime factors of m.
59
Suppose -3